{"id":4195,"date":"2023-10-06T12:24:34","date_gmt":"2023-10-06T12:24:34","guid":{"rendered":"https:\/\/bridge493.qodeinteractive.com\/?page_id=4195"},"modified":"2025-09-25T21:52:36","modified_gmt":"2025-09-25T19:52:36","slug":"about-us","status":"publish","type":"page","link":"https:\/\/freludeboutique.be\/index.php\/about-us\/","title":{"rendered":"\u00c0 propos"},"content":{"rendered":"\t\t<div data-elementor-type=\"wp-page\" data-elementor-id=\"4195\" class=\"elementor elementor-4195\">\n\t\t\t\t<div class=\"elementor-element elementor-element-998220d e-con-full qode_elementor_container_inner e-flex parallax_section_no e-con e-parent\" data-id=\"998220d\" data-element_type=\"container\">\n\t\t\t\t<div class=\"elementor-element elementor-element-64d0fd2 elementor-widget elementor-widget-text-editor\" data-id=\"64d0fd2\" data-element_type=\"widget\" data-widget_type=\"text-editor.default\">\n\t\t\t\t<div class=\"elementor-widget-container\">\n\t\t\t\t\t\t\t\t\t<h4>Notre Histoire<\/h4>\t\t\t\t\t\t\t\t<\/div>\n\t\t\t\t<\/div>\n\t\t\t\t<div class=\"elementor-element elementor-element-9d1ab6c elementor-widget elementor-widget-text-editor\" data-id=\"9d1ab6c\" data-element_type=\"widget\" data-widget_type=\"text-editor.default\">\n\t\t\t\t<div class=\"elementor-widget-container\">\n\t\t\t\t\t\t\t\t\t<h6 class=\"eltdf-st-subtitle\">+ de 30 ans d&#8217;exp\u00e9rience<\/h6>\t\t\t\t\t\t\t\t<\/div>\n\t\t\t\t<\/div>\n\t\t\t\t<\/div>\n\t\t<div class=\"elementor-element elementor-element-5f77def e-flex e-con-boxed parallax_section_no qode_elementor_container_no e-con e-parent\" data-id=\"5f77def\" data-element_type=\"container\">\n\t\t\t\t\t<div class=\"e-con-inner\">\n\t\t<div class=\"elementor-element elementor-element-2732a52 e-con-full e-flex parallax_section_no qode_elementor_container_no e-con e-child\" data-id=\"2732a52\" data-element_type=\"container\">\n\t\t\t\t<div class=\"elementor-element elementor-element-3dd59ee elementor-widget elementor-widget-image\" data-id=\"3dd59ee\" data-element_type=\"widget\" data-widget_type=\"image.default\">\n\t\t\t\t<div class=\"elementor-widget-container\">\n\t\t\t\t\t\t\t\t\t\t\t\t\t\t\t<img fetchpriority=\"high\" decoding=\"async\" width=\"1024\" height=\"768\" src=\"https:\/\/freludeboutique.be\/wp-content\/uploads\/2024\/12\/Boutique-1024x768.jpg\" class=\"attachment-large size-large wp-image-5873\" alt=\"\" srcset=\"https:\/\/freludeboutique.be\/wp-content\/uploads\/2024\/12\/Boutique-1024x768.jpg 1024w, https:\/\/freludeboutique.be\/wp-content\/uploads\/2024\/12\/Boutique-300x225.jpg 300w, https:\/\/freludeboutique.be\/wp-content\/uploads\/2024\/12\/Boutique-768x576.jpg 768w, https:\/\/freludeboutique.be\/wp-content\/uploads\/2024\/12\/Boutique-1536x1152.jpg 1536w, https:\/\/freludeboutique.be\/wp-content\/uploads\/2024\/12\/Boutique-800x600.jpg 800w, https:\/\/freludeboutique.be\/wp-content\/uploads\/2024\/12\/Boutique-700x525.jpg 700w, https:\/\/freludeboutique.be\/wp-content\/uploads\/2024\/12\/Boutique.jpg 2048w\" sizes=\"(max-width: 1024px) 100vw, 1024px\" \/>\t\t\t\t\t\t\t\t\t\t\t\t\t\t\t<\/div>\n\t\t\t\t<\/div>\n\t\t\t\t<\/div>\n\t\t<div class=\"elementor-element elementor-element-f6ef6d1 e-con-full e-flex parallax_section_no qode_elementor_container_no e-con e-child\" data-id=\"f6ef6d1\" data-element_type=\"container\">\n\t\t\t\t<div class=\"elementor-element elementor-element-213018e elementor-widget elementor-widget-text-editor\" data-id=\"213018e\" data-element_type=\"widget\" data-widget_type=\"text-editor.default\">\n\t\t\t\t<div class=\"elementor-widget-container\">\n\t\t\t\t\t\t\t\t\t<p><strong>Fr\u00e9lude Lingerie<\/strong>, c&#8217;est une histoire de pr\u00e8s de 30 belles ann\u00e9es d&#8217;exp\u00e9rience dans le domaine de la lingerie f\u00e9minine.<\/p><p>\u00a0<\/p><p>C&#8217;est en 2009 que Fr\u00e9lude Libramont a ouvert ses portes. Confiance, respect, conseils, accueil, qualit\u00e9 sont nos ma\u00eetres mots.<\/p><p>\u00a0<\/p><p>Nous privil\u00e9gions une relation durable et efficace avec notre client\u00e8le, c&#8217;est pourquoi nous ne proposons que des grandes marques sp\u00e9cialis\u00e9es dans le secteur de la lingerie f\u00e9minine.<\/p><p>\u00a0<\/p><p>Notre assortiment se compose de lingerie de jour (soutiens gorge de la poche A \u00e0 la poche I avec dessous assortis), articles gainants, de sport et de maternit\u00e9, lingerie de nuit et baln\u00e9aire avec un choix incroyable de maillots, bikinis, tankinis et accessoires de plage de la taille 38 \u00e0 la taille 56.<\/p>\t\t\t\t\t\t\t\t<\/div>\n\t\t\t\t<\/div>\n\t\t\t\t<\/div>\n\t\t\t\t\t<\/div>\n\t\t\t\t<\/div>\n\t\t<div class=\"elementor-element elementor-element-5d2992d elementor-hidden-desktop elementor-hidden-tablet e-flex e-con-boxed parallax_section_no qode_elementor_container_no e-con e-parent\" data-id=\"5d2992d\" data-element_type=\"container\" data-settings=\"{&quot;background_background&quot;:&quot;classic&quot;}\">\n\t\t\t\t\t<div class=\"e-con-inner\">\n\t\t<div class=\"elementor-element elementor-element-5fcdefa e-con-full e-flex parallax_section_no qode_elementor_container_no e-con e-child\" data-id=\"5fcdefa\" data-element_type=\"container\">\n\t\t\t\t<div class=\"elementor-element elementor-element-0c0272c elementor-widget elementor-widget-text-editor\" data-id=\"0c0272c\" data-element_type=\"widget\" data-widget_type=\"text-editor.default\">\n\t\t\t\t<div class=\"elementor-widget-container\">\n\t\t\t\t\t\t\t\t\t<h6><a href=\"mailto:contact@freludeboutique.be\">contact@freludeboutique.be<\/a><\/h6>\t\t\t\t\t\t\t\t<\/div>\n\t\t\t\t<\/div>\n\t\t\t\t<\/div>\n\t\t<div class=\"elementor-element elementor-element-3e99ac7 e-con-full e-flex parallax_section_no qode_elementor_container_no e-con e-child\" data-id=\"3e99ac7\" data-element_type=\"container\">\n\t\t\t\t<div class=\"elementor-element elementor-element-52d899b elementor-widget elementor-widget-bridge_icon\" data-id=\"52d899b\" data-element_type=\"widget\" data-widget_type=\"bridge_icon.default\">\n\t\t\t\t<div class=\"elementor-widget-container\">\n\t\t\t\t\t<span data-type=\"normal\" data-hover-icon-color=\"#BCBCBC\" class=\"qode_icon_shortcode  q_font_awsome_icon fa-lg  \" style=\"margin: 0 0 10px 0; \"><a  itemprop=\"url\" href=\"https:\/\/www.facebook.com\/Frelude\/\" target=\"_blank\"><i class=\"qode_icon_font_awesome fa fa-facebook qode_icon_element\" style=\"font-size: 15px;color: #84847C;\" ><\/i><\/a><\/span>\t\t\t\t<\/div>\n\t\t\t\t<\/div>\n\t\t\t\t<\/div>\n\t\t<div class=\"elementor-element elementor-element-5817387 e-con-full e-flex parallax_section_no qode_elementor_container_no e-con e-child\" data-id=\"5817387\" data-element_type=\"container\">\n\t\t\t\t<div class=\"elementor-element elementor-element-43dd6a4 elementor-widget elementor-widget-text-editor\" data-id=\"43dd6a4\" data-element_type=\"widget\" data-widget_type=\"text-editor.default\">\n\t\t\t\t<div class=\"elementor-widget-container\">\n\t\t\t\t\t\t\t\t\t<h6 class=\"qode-footer-copyright\" style=\"font-size: 20px;\">Copyright @ Frelude Boutique 2024<\/h6>\t\t\t\t\t\t\t\t<\/div>\n\t\t\t\t<\/div>\n\t\t\t\t<\/div>\n\t\t\t\t\t<\/div>\n\t\t\t\t<\/div>\n\t\t<div class=\"elementor-element elementor-element-74089b35 e-con-full elementor-hidden-mobile e-flex parallax_section_no qode_elementor_container_no e-con e-parent\" data-id=\"74089b35\" data-element_type=\"container\" data-settings=\"{&quot;background_background&quot;:&quot;classic&quot;}\">\n\t\t\t\t<div class=\"elementor-element elementor-element-7f2dfe41 elementor-widget-divider--view-line elementor-widget elementor-widget-divider\" data-id=\"7f2dfe41\" data-element_type=\"widget\" data-widget_type=\"divider.default\">\n\t\t\t\t<div class=\"elementor-widget-container\">\n\t\t\t\t\t\t\t<div class=\"elementor-divider\">\n\t\t\t<span class=\"elementor-divider-separator\">\n\t\t\t\t\t\t<\/span>\n\t\t<\/div>\n\t\t\t\t\t\t<\/div>\n\t\t\t\t<\/div>\n\t\t<div class=\"elementor-element elementor-element-64e80b8f e-con-full e-flex parallax_section_no qode_elementor_container_no e-con e-child\" data-id=\"64e80b8f\" data-element_type=\"container\" data-settings=\"{&quot;background_background&quot;:&quot;classic&quot;}\">\n\t\t<div class=\"elementor-element elementor-element-4abf0ec7 e-con-full e-flex parallax_section_no qode_elementor_container_no e-con e-child\" data-id=\"4abf0ec7\" data-element_type=\"container\">\n\t\t\t\t<div class=\"elementor-element elementor-element-112c7bbf elementor-widget elementor-widget-text-editor\" data-id=\"112c7bbf\" data-element_type=\"widget\" data-widget_type=\"text-editor.default\">\n\t\t\t\t<div class=\"elementor-widget-container\">\n\t\t\t\t\t\t\t\t\t<h6><a href=\"mailto:contact@freludeboutique.be\">contact@freludeboutique.be<\/a><\/h6>\t\t\t\t\t\t\t\t<\/div>\n\t\t\t\t<\/div>\n\t\t\t\t<\/div>\n\t\t<div class=\"elementor-element elementor-element-28f5a0cc e-con-full e-flex parallax_section_no qode_elementor_container_no e-con e-child\" data-id=\"28f5a0cc\" data-element_type=\"container\">\n\t\t\t\t<div class=\"elementor-element elementor-element-275b7297 elementor-widget elementor-widget-bridge_icon\" data-id=\"275b7297\" data-element_type=\"widget\" data-widget_type=\"bridge_icon.default\">\n\t\t\t\t<div class=\"elementor-widget-container\">\n\t\t\t\t\t<span data-type=\"normal\" data-hover-icon-color=\"#BCBCBC\" class=\"qode_icon_shortcode  q_font_awsome_icon fa-lg  \" style=\"margin: 0 0 10px 0; \"><a  itemprop=\"url\" href=\"https:\/\/www.facebook.com\/Frelude\/\" target=\"_blank\"><i class=\"qode_icon_font_awesome fa fa-facebook qode_icon_element\" style=\"font-size: 15px;color: #84847C;\" ><\/i><\/a><\/span>\t\t\t\t<\/div>\n\t\t\t\t<\/div>\n\t\t\t\t<\/div>\n\t\t<div class=\"elementor-element elementor-element-40dc6e72 e-con-full e-flex parallax_section_no qode_elementor_container_no e-con e-child\" data-id=\"40dc6e72\" data-element_type=\"container\">\n\t\t\t\t<div class=\"elementor-element elementor-element-2df79f3e elementor-widget elementor-widget-text-editor\" data-id=\"2df79f3e\" data-element_type=\"widget\" data-widget_type=\"text-editor.default\">\n\t\t\t\t<div class=\"elementor-widget-container\">\n\t\t\t\t\t\t\t\t\t<h6 class=\"qode-footer-copyright\" style=\"font-size: 20px;\">Copyright @ Frelude Boutique 2025<\/h6>\t\t\t\t\t\t\t\t<\/div>\n\t\t\t\t<\/div>\n\t\t\t\t<\/div>\n\t\t\t\t<\/div>\n\t\t\t\t<\/div>\n\t\t\t\t<\/div>\n\t\t","protected":false},"excerpt":{"rendered":"<p>Notre Histoire + de 30 ans d&#8217;exp\u00e9rience Fr\u00e9lude Lingerie, c&#8217;est une histoire de pr\u00e8s de 30 belles ann\u00e9es d&#8217;exp\u00e9rience dans le domaine de la lingerie f\u00e9minine. \u00a0 C&#8217;est en 2009 que Fr\u00e9lude Libramont a ouvert ses portes. Confiance, respect, conseils, accueil, qualit\u00e9 sont nos ma\u00eetres&#8230;<\/p>\n","protected":false},"author":1,"featured_media":5858,"parent":0,"menu_order":0,"comment_status":"closed","ping_status":"closed","template":"elementor_header_footer","meta":{"content-type":"","footnotes":""},"class_list":["post-4195","page","type-page","status-publish","has-post-thumbnail","hentry"],"_links":{"self":[{"href":"https:\/\/freludeboutique.be\/index.php\/wp-json\/wp\/v2\/pages\/4195","targetHints":{"allow":["GET"]}}],"collection":[{"href":"https:\/\/freludeboutique.be\/index.php\/wp-json\/wp\/v2\/pages"}],"about":[{"href":"https:\/\/freludeboutique.be\/index.php\/wp-json\/wp\/v2\/types\/page"}],"author":[{"embeddable":true,"href":"https:\/\/freludeboutique.be\/index.php\/wp-json\/wp\/v2\/users\/1"}],"replies":[{"embeddable":true,"href":"https:\/\/freludeboutique.be\/index.php\/wp-json\/wp\/v2\/comments?post=4195"}],"version-history":[{"count":79,"href":"https:\/\/freludeboutique.be\/index.php\/wp-json\/wp\/v2\/pages\/4195\/revisions"}],"predecessor-version":[{"id":5964,"href":"https:\/\/freludeboutique.be\/index.php\/wp-json\/wp\/v2\/pages\/4195\/revisions\/5964"}],"wp:featuredmedia":[{"embeddable":true,"href":"https:\/\/freludeboutique.be\/index.php\/wp-json\/wp\/v2\/media\/5858"}],"wp:attachment":[{"href":"https:\/\/freludeboutique.be\/index.php\/wp-json\/wp\/v2\/media?parent=4195"}],"curies":[{"name":"wp","href":"https:\/\/api.w.org\/{rel}","templated":true}]}}